{"id":2,"date":"2024-09-04T10:55:50","date_gmt":"2024-09-04T08:55:50","guid":{"rendered":"https:\/\/www.horcicka.com.ri.miniserver.cz\/?page_id=2"},"modified":"2024-09-05T12:12:04","modified_gmt":"2024-09-05T10:12:04","slug":"homepage","status":"publish","type":"page","link":"https:\/\/www.horcicka.com\/","title":{"rendered":"Homepage"},"content":{"rendered":"<section class=\"bde-section-2-100 bde-section\">\n  \n  \n\t\n\n\n\n<div class=\"section-container\"><div class=\"bde-grid-2-101 bde-grid\">\n  \n  \n\t\n\n\n\n<div class=\"bde-div-2-102 bde-div\">\n              \n  \n  \n\t\n\n  <div class=\"section-background-overlay\"><\/div>\n\n\n<a class=\"bde-container-link-2-114 bde-container-link breakdance-link\" href=\"https:\/\/autoskola-horcicka.com\" target=\"_blank\" data-type=\"url\">\n  \n  \n\t\n\n\n\n<div class=\"bde-div-2-103 bde-div\">\n  \n  \n\t\n\n\n\n<div class=\"bde-image-2-104 bde-image\">\n<figure class=\"breakdance-image breakdance-image---1\">\n\t<div class=\"breakdance-image-container\">\n\t\t<div class=\"breakdance-image-clip\"><img decoding=\"async\" class=\"breakdance-image-object\" src=\"https:\/\/www.autodoprava-horcicka.cz\/wp-content\/uploads\/2024\/05\/ASH_logo2024_Horcicka-sro.svg\"><\/div>\n\t<\/div><\/figure>\n\n<\/div><div class=\"bde-text-2-105 bde-text\">\nAUTO\u0160KOLA\n<\/div>\n<\/div>\n\n<\/a>\n<\/div><div class=\"bde-div-2-106 bde-div\">\n  \n  \n\t\n\n\n\n<a class=\"bde-container-link-2-115 bde-container-link breakdance-link\" href=\"https:\/\/autodoprava-horcicka.cz\" target=\"_blank\" data-type=\"url\">\n  \n  \n\t\n\n\n\n<div class=\"bde-div-2-107 bde-div\">\n  \n  \n\t\n\n\n\n<div class=\"bde-image-2-108 bde-image\">\n<figure class=\"breakdance-image breakdance-image---1\">\n\t<div class=\"breakdance-image-container\">\n\t\t<div class=\"breakdance-image-clip\"><img decoding=\"async\" class=\"breakdance-image-object\" src=\"https:\/\/www.autodoprava-horcicka.cz\/wp-content\/uploads\/2024\/05\/ASH_logo2024_Horcicka-sro.svg\"><\/div>\n\t<\/div><\/figure>\n\n<\/div><div class=\"bde-text-2-109 bde-text\">\nAUTODOPRAVA\n<\/div>\n<\/div>\n\n<\/a>\n<\/div><div class=\"bde-div-2-110 bde-div\">\n  \n  \n\t\n\n\n\n<a class=\"bde-container-link-2-116 bde-container-link breakdance-link\" href=\"https:\/\/skolici-stredisko.com\" target=\"_blank\" data-type=\"url\">\n  \n  \n\t\n\n\n\n<div class=\"bde-div-2-111 bde-div\">\n  \n  \n\t\n\n\n\n<div class=\"bde-image-2-112 bde-image\">\n<figure class=\"breakdance-image breakdance-image---1\">\n\t<div class=\"breakdance-image-container\">\n\t\t<div class=\"breakdance-image-clip\"><img decoding=\"async\" class=\"breakdance-image-object\" src=\"https:\/\/www.autodoprava-horcicka.cz\/wp-content\/uploads\/2024\/05\/ASH_logo2024_Horcicka-sro.svg\"><\/div>\n\t<\/div><\/figure>\n\n<\/div><div class=\"bde-text-2-113 bde-text\">\n\u0160KOL\u00cdC\u00cd ST\u0158EDISKO\n<\/div>\n<\/div>\n\n<\/a>\n<\/div>\n<\/div><\/div>\n<\/section>","protected":false},"excerpt":{"rendered":"<p>AUTO\u0160KOLA AUTODOPRAVA \u0160KOL\u00cdC\u00cd ST\u0158EDISKO<\/p>\n","protected":false},"author":1,"featured_media":0,"parent":0,"menu_order":0,"comment_status":"closed","ping_status":"closed","template":"","meta":{"_breakdance_hide_in_design_set":false,"_breakdance_tags":"","footnotes":""},"class_list":["post-2","page","type-page","status-publish","hentry"],"_links":{"self":[{"href":"https:\/\/www.horcicka.com\/index.php?rest_route=\/wp\/v2\/pages\/2","targetHints":{"allow":["GET"]}}],"collection":[{"href":"https:\/\/www.horcicka.com\/index.php?rest_route=\/wp\/v2\/pages"}],"about":[{"href":"https:\/\/www.horcicka.com\/index.php?rest_route=\/wp\/v2\/types\/page"}],"author":[{"embeddable":true,"href":"https:\/\/www.horcicka.com\/index.php?rest_route=\/wp\/v2\/users\/1"}],"replies":[{"embeddable":true,"href":"https:\/\/www.horcicka.com\/index.php?rest_route=%2Fwp%2Fv2%2Fcomments&post=2"}],"version-history":[{"count":16,"href":"https:\/\/www.horcicka.com\/index.php?rest_route=\/wp\/v2\/pages\/2\/revisions"}],"predecessor-version":[{"id":31,"href":"https:\/\/www.horcicka.com\/index.php?rest_route=\/wp\/v2\/pages\/2\/revisions\/31"}],"wp:attachment":[{"href":"https:\/\/www.horcicka.com\/index.php?rest_route=%2Fwp%2Fv2%2Fmedia&parent=2"}],"curies":[{"name":"wp","href":"https:\/\/api.w.org\/{rel}","templated":true}]}}